{"id":2,"date":"2018-08-09T23:20:01","date_gmt":"2018-08-10T02:20:01","guid":{"rendered":"http:\/\/institutocegossantaluzia.com.br\/home\/?page_id=2"},"modified":"2026-03-27T02:46:36","modified_gmt":"2026-03-27T05:46:36","slug":"quem-somos","status":"publish","type":"page","link":"https:\/\/www.institutocegossantaluzia.com.br\/home\/quem-somos\/","title":{"rendered":"QUEM SOMOS"},"content":{"rendered":"<p><img loading=\"lazy\" decoding=\"async\" class=\"alignnone size-large wp-image-127\" src=\"http:\/\/www.institutocegossantaluzia.com.br\/home\/wp-content\/uploads\/2018\/08\/Untitled-6-761x1024.jpg\" alt=\"\" width=\"525\" height=\"706\" srcset=\"https:\/\/www.institutocegossantaluzia.com.br\/home\/wp-content\/uploads\/2018\/08\/Untitled-6-761x1024.jpg 761w, https:\/\/www.institutocegossantaluzia.com.br\/home\/wp-content\/uploads\/2018\/08\/Untitled-6-223x300.jpg 223w, https:\/\/www.institutocegossantaluzia.com.br\/home\/wp-content\/uploads\/2018\/08\/Untitled-6-768x1033.jpg 768w, https:\/\/www.institutocegossantaluzia.com.br\/home\/wp-content\/uploads\/2018\/08\/Untitled-6.jpg 891w\" sizes=\"auto, (max-width: 525px) 100vw, 525px\" \/><\/p>\n<p>Fundado em 15 de novembro de 1956 por Elvira Maria Machado, com terreno doado por Elizio Gomes de Carvalho, no in\u00edcio a institui\u00e7\u00e3o funcionava como um asilo para cegos, pois objetivava apenas o amparo e assist\u00eancia aos deficientes visuais.<\/p>\n<blockquote><p>Em 1983 o &#8220;Instituto&#8221; passava por s\u00e9rias dificuldades, com os internos vivendo em m\u00e1s condi\u00e7\u00f5es. Foi quando passou a ser assistido pela Par\u00f3quia &#8220;Santo Antonio de Padua&#8221;, que com a ajuda da comunidade come\u00e7ou a constru\u00e7\u00e3o do novo pr\u00e9dio. Neste per\u00edodo a Institui\u00e7\u00e3o mudou-se para a rua Cruzeiro do Sul,59 onde funcionou at\u00e9 1986, retornando para a nova sede, onde permanece at\u00e9 hoje.<\/p>\n<blockquote><p>O Instituto Para Cegos &#8220;Santa Luzia&#8221; atende pessoas portadoras de defici\u00eancia visual de Ara\u00e7atuba e regi\u00e3o, oferecendo abrigo, alimenta\u00e7\u00e3o, encaminhamentos e orienta\u00e7\u00f5es quanto \u00e0s areas de sa\u00fade( assist\u00eancia m\u00e9dica, odontol\u00f3gica e psicossocial ), triagens, visitas domiciliares, administra\u00e7\u00e3o dos processos beneficiarios, educa\u00e7\u00e3o, trabalho, pr\u00e1ticas religiosas, esportivas( ioga, nata\u00e7\u00e3o, alongamento, hidrogin\u00e1stica ), al\u00e9m de oficina de musica e lazer; oferece ainda aprendizagem da escrita Braille e coloca\u00e7\u00e3o de m\u00e3o de obra capacitada no mercado de trabalho, tanto no regime residencial( internos do sexo masculino ) quanto aos do regime especial( externos de ambos os sexos, que vivem com a fam\u00edlia mas s\u00e3o assistidos pela Institui\u00e7\u00e3o ).<\/p><\/blockquote>\n<p>O trabalho consiste em possibilitar \u00e0 pessoa portadora de defici\u00eancia visual condi\u00e7\u00f5es de desenvolver suas potencialidades, visando maior independ\u00eancia quanto \u00e0 locomo\u00e7\u00e3o, autonomia, integra\u00e7\u00e3o social, auto-realiza\u00e7\u00e3o, capacita\u00e7\u00e3o e coloca\u00e7\u00e3o no mercado de trabalho. Visa tambem a n\u00e3o institucionaliza\u00e7\u00e3o e sim um trabalho conjunto deficiente visual-fam\u00edlia-comunidade.<\/p>\n<p>A Intitui\u00e7\u00e3o tem capacidade para abrigar 18 deficientes visuais, tem um quadro de 5 funcion\u00e1rios; \u00e9 administrado por uma diretoria volunt\u00e1ria, auxiliado por um grupo de volunt\u00e1rias que centralizam suas a\u00e7\u00f5es na promo\u00e7\u00e3o de eventos para arrecadar fundos para a manuten\u00e7\u00e3o da entidade. Conta ainda com a doa\u00e7\u00e3o de pessoas da comunidade local.<\/p>\n<p>S\u00e3o realizados na Institui\u00e7\u00e3o festas dos aniversariantes do m\u00eas, festa junina, novena de Natal, al\u00e9m do tradicional almo\u00e7o em comemora\u00e7\u00e3o a Santa Luzia, que \u00e9 a protetora dos deficientes visuais, no dia 13 de dezembro.<\/p><\/blockquote>\n","protected":false},"excerpt":{"rendered":"<p>Fundado em 15 de novembro de 1956 por Elvira Maria Machado, com terreno doado por Elizio Gomes de Carvalho, no in\u00edcio a institui\u00e7\u00e3o funcionava como um asilo para cegos, pois objetivava apenas o amparo e assist\u00eancia aos deficientes visuais. Em 1983 o &#8220;Instituto&#8221; passava por s\u00e9rias dificuldades, com os internos vivendo em m\u00e1s condi\u00e7\u00f5es. Foi [&hellip;]<\/p>\n","protected":false},"author":1,"featured_media":127,"parent":0,"menu_order":0,"comment_status":"closed","ping_status":"closed","template":"","meta":{"ngg_post_thumbnail":0,"footnotes":""},"class_list":["post-2","page","type-page","status-publish","has-post-thumbnail","hentry"],"_links":{"self":[{"href":"https:\/\/www.institutocegossantaluzia.com.br\/home\/wp-json\/wp\/v2\/pages\/2","targetHints":{"allow":["GET"]}}],"collection":[{"href":"https:\/\/www.institutocegossantaluzia.com.br\/home\/wp-json\/wp\/v2\/pages"}],"about":[{"href":"https:\/\/www.institutocegossantaluzia.com.br\/home\/wp-json\/wp\/v2\/types\/page"}],"author":[{"embeddable":true,"href":"https:\/\/www.institutocegossantaluzia.com.br\/home\/wp-json\/wp\/v2\/users\/1"}],"replies":[{"embeddable":true,"href":"https:\/\/www.institutocegossantaluzia.com.br\/home\/wp-json\/wp\/v2\/comments?post=2"}],"version-history":[{"count":1,"href":"https:\/\/www.institutocegossantaluzia.com.br\/home\/wp-json\/wp\/v2\/pages\/2\/revisions"}],"predecessor-version":[{"id":915,"href":"https:\/\/www.institutocegossantaluzia.com.br\/home\/wp-json\/wp\/v2\/pages\/2\/revisions\/915"}],"wp:featuredmedia":[{"embeddable":true,"href":"https:\/\/www.institutocegossantaluzia.com.br\/home\/wp-json\/wp\/v2\/media\/127"}],"wp:attachment":[{"href":"https:\/\/www.institutocegossantaluzia.com.br\/home\/wp-json\/wp\/v2\/media?parent=2"}],"curies":[{"name":"wp","href":"https:\/\/api.w.org\/{rel}","templated":true}]}}