{"id":324,"date":"2020-04-17T17:16:00","date_gmt":"2020-04-17T20:16:00","guid":{"rendered":"https:\/\/www.institutocegossantaluzia.com.br\/home\/?page_id=324"},"modified":"2026-03-27T02:45:44","modified_gmt":"2026-03-27T05:45:44","slug":"servicos","status":"publish","type":"page","link":"https:\/\/www.institutocegossantaluzia.com.br\/home\/servicos\/","title":{"rendered":"SERVI\u00c7OS"},"content":{"rendered":"<p><strong>Servi\u00e7os que oferecemos gratuitamente:<\/strong><\/p>\n<p>* Grupo Socioeducativo (Promover a autonomia, o acesso as pol\u00edticas p\u00fablicas, conv\u00edvio familiar e comunit\u00e1rio).<br \/>\n* Oficina de Alongamento e Yoga (Promover a independ\u00eancia e autocuidado)<br \/>\n* Oficina e Atividade de Vida Aut\u00f4noma (Promover a independ\u00eancia e autocuidado)<br \/>\n* Oficina de Braille (Promover a autonomia)<br \/>\n*Oficina de Orienta\u00e7\u00e3o e Mobilidade (Promover independ\u00eancia e autocuidado e as t\u00e9cnicas para o uso correto da bengala)<br \/>\n* Oficina de Tecnologia da informa\u00e7\u00e3o (Promover a autonomia e a inclus\u00e3o digital)<\/p>\n","protected":false},"excerpt":{"rendered":"<p>Servi\u00e7os que oferecemos gratuitamente: * Grupo Socioeducativo (Promover a autonomia, o acesso as pol\u00edticas p\u00fablicas, conv\u00edvio familiar e comunit\u00e1rio). * Oficina de Alongamento e Yoga (Promover a independ\u00eancia e autocuidado) * Oficina e Atividade de Vida Aut\u00f4noma (Promover a independ\u00eancia e autocuidado) * Oficina de Braille (Promover a autonomia) *Oficina de Orienta\u00e7\u00e3o e Mobilidade (Promover [&hellip;]<\/p>\n","protected":false},"author":1,"featured_media":138,"parent":0,"menu_order":0,"comment_status":"closed","ping_status":"closed","template":"","meta":{"ngg_post_thumbnail":0,"footnotes":""},"class_list":["post-324","page","type-page","status-publish","has-post-thumbnail","hentry"],"_links":{"self":[{"href":"https:\/\/www.institutocegossantaluzia.com.br\/home\/wp-json\/wp\/v2\/pages\/324","targetHints":{"allow":["GET"]}}],"collection":[{"href":"https:\/\/www.institutocegossantaluzia.com.br\/home\/wp-json\/wp\/v2\/pages"}],"about":[{"href":"https:\/\/www.institutocegossantaluzia.com.br\/home\/wp-json\/wp\/v2\/types\/page"}],"author":[{"embeddable":true,"href":"https:\/\/www.institutocegossantaluzia.com.br\/home\/wp-json\/wp\/v2\/users\/1"}],"replies":[{"embeddable":true,"href":"https:\/\/www.institutocegossantaluzia.com.br\/home\/wp-json\/wp\/v2\/comments?post=324"}],"version-history":[{"count":1,"href":"https:\/\/www.institutocegossantaluzia.com.br\/home\/wp-json\/wp\/v2\/pages\/324\/revisions"}],"predecessor-version":[{"id":914,"href":"https:\/\/www.institutocegossantaluzia.com.br\/home\/wp-json\/wp\/v2\/pages\/324\/revisions\/914"}],"wp:featuredmedia":[{"embeddable":true,"href":"https:\/\/www.institutocegossantaluzia.com.br\/home\/wp-json\/wp\/v2\/media\/138"}],"wp:attachment":[{"href":"https:\/\/www.institutocegossantaluzia.com.br\/home\/wp-json\/wp\/v2\/media?parent=324"}],"curies":[{"name":"wp","href":"https:\/\/api.w.org\/{rel}","templated":true}]}}