{"id":420,"date":"2021-02-22T09:05:47","date_gmt":"2021-02-22T12:05:47","guid":{"rendered":"https:\/\/www.institutocegossantaluzia.com.br\/home\/?page_id=420"},"modified":"2021-02-22T09:18:10","modified_gmt":"2021-02-22T12:18:10","slug":"balanco-patrimonial-2018","status":"publish","type":"page","link":"https:\/\/www.institutocegossantaluzia.com.br\/home\/balanco-patrimonial-2018\/","title":{"rendered":"BALAN\u00c7O PATRIMONIAL 2018"},"content":{"rendered":"\n<p><a rel=\"noreferrer noopener\" href=\"https:\/\/www.institutocegossantaluzia.com.br\/home\/wp-content\/uploads\/2021\/02\/BALANCO-PATR.-PUBL.JORNAL-2018_compressed.pdf\" target=\"_blank\">BALAN\u00c7O PATRIM\u00d4NIO P\u00daBLICO JORNAL 2018<\/a><\/p>\n\n\n\n<p><a href=\"https:\/\/www.institutocegossantaluzia.com.br\/home\/wp-content\/uploads\/2021\/02\/BALANCO-PATRIMONIAL-31-12-2018_compressed.pdf\" target=\"_blank\" rel=\"noreferrer noopener\">BALAN\u00c7O PATRIMONIAL 31-12-2018<\/a><\/p>\n","protected":false},"excerpt":{"rendered":"<p>BALAN\u00c7O PATRIM\u00d4NIO P\u00daBLICO JORNAL 2018 BALAN\u00c7O PATRIMONIAL 31-12-2018<\/p>\n","protected":false},"author":1,"featured_media":0,"parent":0,"menu_order":0,"comment_status":"closed","ping_status":"closed","template":"","meta":{"ngg_post_thumbnail":0,"footnotes":""},"class_list":["post-420","page","type-page","status-publish","hentry"],"_links":{"self":[{"href":"https:\/\/www.institutocegossantaluzia.com.br\/home\/wp-json\/wp\/v2\/pages\/420","targetHints":{"allow":["GET"]}}],"collection":[{"href":"https:\/\/www.institutocegossantaluzia.com.br\/home\/wp-json\/wp\/v2\/pages"}],"about":[{"href":"https:\/\/www.institutocegossantaluzia.com.br\/home\/wp-json\/wp\/v2\/types\/page"}],"author":[{"embeddable":true,"href":"https:\/\/www.institutocegossantaluzia.com.br\/home\/wp-json\/wp\/v2\/users\/1"}],"replies":[{"embeddable":true,"href":"https:\/\/www.institutocegossantaluzia.com.br\/home\/wp-json\/wp\/v2\/comments?post=420"}],"version-history":[{"count":0,"href":"https:\/\/www.institutocegossantaluzia.com.br\/home\/wp-json\/wp\/v2\/pages\/420\/revisions"}],"wp:attachment":[{"href":"https:\/\/www.institutocegossantaluzia.com.br\/home\/wp-json\/wp\/v2\/media?parent=420"}],"curies":[{"name":"wp","href":"https:\/\/api.w.org\/{rel}","templated":true}]}}